ue
Is 64850173 composite?
True
Is 20236213 composite?
True
Is 7088461 composite?
False
Is 4140413 composite?
True
Is 46512337 a composite number?
True
Is 300668699 a prime number?
False
Is 18082981 a prime number?
False
Is 7723669 prime?
False
Is 6033397 prime?
True
Is 7875377 a prime number?
True
Is 616579 prime?
True
Is 18734333 prime?
True
Is 84571393 a composite number?
False
Is 35721283 a composite number?
True
Is 8843047 a prime number?
True
Is 770566857 prime?
False
Is 25437397 a prime number?
True
Is 563399 prime?
False
Is 40986989 a prime number?
False
Is 96859915 composite?
True
Is 1944151 composite?
True
Is 56626979 a composite number?
False
Is 2265413 a prime number?
True
Is 175411139 a composite number?
False
Is 158855551 a composite number?
False
Is 37657909 a composite number?
False
Is 98647189 a composite number?
True
Is 366905183 a composite number?
False
Is 460787 a prime number?
True
Is 85024153 composite?
True
Is 8290757 prime?
False
Is 4496797 a prime number?
True
Is 7647799 composite?
True
Is 825947 composite?
False
Is 689679701 a composite number?
False
Is 61355033 a prime number?
False
Is 49940149 prime?
False
Is 8096741 a composite number?
True
Is 4872817 a composite number?
False
Is 74918069 prime?
True
Is 5201734 prime?
False
Is 334264051 composite?
True
Is 43356751 prime?
False
Is 92663773 prime?
False
Is 3904499 composite?
True
Is 927701 a composite number?
True
Is 187691617 prime?
True
Is 915247 a prime number?
True
Is 5602174 a prime number?
False
Is 6697399 a composite number?
False
Is 109329559 prime?
True
Is 3788129 a prime number?
False
Is 34470937 composite?
True
Is 310811617 a composite number?
False
Is 5738857 prime?
False
Is 1001783 a composite number?
False
Is 3150527 prime?
False
Is 2616553 composite?
False
Is 24512815 prime?
False
Is 2191699 prime?
False
Is 26407229 composite?
True
Is 56837639 a composite number?
True
Is 3287387 composite?
True
Is 31838941 prime?
True
Is 28134853 prime?
False
Is 162855527 composite?
False
Is 85000241 composite?
True
Is 6569897 composite?
False
Is 50785663 a prime number?
True
Is 586554977 a prime number?
False
Is 51803597 prime?
True
Is 28056883 a composite number?
True
Is 586567 a composite number?
False
Is 1931203 a prime number?
True
Is 1663457 a prime number?
True
Is 19654441 prime?
False
Is 320245241 a composite number?
False
Is 60338 a prime number?
False
Is 36294967 a prime number?
False
Is 8966057 a composite number?
False
Is 5652193 a composite number?
False
Is 11969761 composite?
False
Is 93853 a composite number?
True
Is 10389781 prime?
True
Is 94729483 composite?
False
Is 2270921 prime?
True
Is 121470827 composite?
False
Is 11757469 prime?
True
Is 6692261 a composite number?
False
Is 5220461 composite?
True
Is 243544183 a prime number?
True
Is 949421 a prime number?
False
Is 6154985 prime?
False
Is 15074363 prime?
False
Is 255571649 composite?
False
Is 15119795 prime?
False
Is 36124931 a prime number?
True
Is 340633 composite?
False
Is 31379899 prime?
True
Is 14716267 prime?
True
Is 2473253 a prime number?
False
Is 13568837 composite?
False
Is 31712621 a composite number?
False
Is 3112127 a prime number?
True
Is 5772709 composite?
False
Is 102903641 composite?
False
Is 39667961 prime?
True
Is 883133 a prime number?
False
Is 17416811 composite?
True
Is 437677 a prime number?
True
Is 8647199 a composite number?
True
Is 57797 composite?
True
Is 53109943 composite?
True
Is 49649279 a prime number?
True
Is 31987 a prime number?
False
Is 87968681 prime?
False
Is 317257 prime?
True
Is 538496243 a composite number?
False
Is 7482569 prime?
True
Is 603257 prime?
True
Is 1694767 a composite number?
False
Is 18404293 a prime number?
False
Is 505636403 composite?
True
Is 2632169 prime?
True
Is 769778 a composite number?
True
Is 210551581 a prime number?
True
Is 15465871 a composite number?
False
Is 4673939 a prime number?
True
Is 57940919 prime?
True
Is 202471 a composite number?
False
Is 381498757 a composite number?
False
Is 6741991 a composite number?
False
Is 4466567 a composite number?
True
Is 19625269 a prime number?
True
Is 53824767 composite?
True
Is 67803067 a prime number?
True
Is 55599494 a prime number?
False
Is 3235639 a prime number?
False
Is 3797489 a composite number?
False
Is 1356259 a composite number?
False
Is 1990433 prime?
True
Is 7910887 a prime number?
True
Is 2132647 prime?
False
Is 333020759 a prime number?
True
Is 10640495 composite?
True
Is 183683869 composite?
True
Is 40340291 composite?
False
Is 9430283 prime?
True
Is 130545434 composite?
True
Is 13675841 a composite number?
False
Is 4778303 prime?
True
Is 10710937 a composite number?
False
Is 2620159 a composite number?
True
Is 38078987 prime?
True
Is 153513911 a composite number?
False
Is 20403431 a prime number?
True
Is 2483381 composite?
False
Is 1472221 a composite number?
True
Is 7889533 a prime number?
True
Is 967627 a prime number?
True
Is 1859353771 a prime number?
False
Is 148872197 prime?
False
Is 8791489 a composite number?
True
Is 343551869 a prime number?
False
Is 10931 a prime number?
False
Is 11546527 a composite number?
True
Is 238467253 a prime number?
True
Is 6602461 composite?
False
Is 41113441 a prime number?
True
Is 2209071 a prime number?
False
Is 2381609 a composite number?
False
Is 30635743 composite?
True
Is 187427579 composite?
True
Is 50177887 prime?
False
Is 77434297 prime?
False
Is 4473439 prime?
False
Is 123414563 composite?
True
Is 32110687 prime?
False
Is 13674293 composite?
False
Is 732385 a composite number?
True
Is 4718917 a prime number?
False
Is 17301133 prime?
True
Is 1263167 composite?
True
Is 88814563 prime?
True
Is 9205511 composite?
True
Is 366100519 a composite number?
False
Is 29002573 a prime number?
True
Is 6195737 a composite number?
False
Is 451588691 a composite number?
True
Is 43980781 a composite number?
True
Is 266358685 a composite number?
True
Is 2164615 prime?
False
Is 85595801 a prime number?
True
Is 11236061 prime?
False
Is 1286993 a prime number?
False
Is 4905634 a composite number?
True
Is 3844231 a composite number?
True
Is 39811243 a prime number?
True
Is 424993099 a prime number?
False
Is 128753479 prime?
True
Is 3378967 a prime number?
True
Is 11814973 composite?
False
Is 1174259 a composite number?
False
Is 21139957 composite?
False
Is 55919503 a composite number?
False
Is 5524747 a composite number?
False
Is 66678041 composite?
False
Is 3829481 composite?
True
Is 764279 a prime number?
False
Is 31832527 a prime number?
True
Is 6922687 composite?
True
Is 61417042 a composite number?
True
Is 1381187 a composite number?
False
Is 92886415 composite?
True
Is 126627073 a prime number?
True
Is 48282859 a composite number?
True
Is 1660553 prime?
True
Is 2260997 composite?
True
Is 8089717 a composite number?
True
Is 715097 prime?
False
Is 234879677 a composite number?
False
Is 3199769 a prime number?
False
Is 695347 composite?
False
Is 19795819 a composite number?
False
Is 254917847 prime?
True
Is 25899137 a prime number?
False
Is 73378973 prime?
True
Is 3626719 prime?
False
Is 30748471 a prime number?
False
Is 93163361 composite?
True
Is 84341597 prime?
False
Is 27115423 prime?
True
Is 12026255 composite?
True
Is 22227931 prime?
False
Is 891703 prime?
False
Is 62751343 a composite number?
True
Is 106602343 prime?
True
Is 18876821 a composite number?
False
Is 10379087 a composite number?
True
Is 54316597 prime?
False
Is 14996779 a prime number?
False
Is 98624791 composite?
True
Is 46985839 a prime number?
True
Is 215941739 a composite number?
True
Is 17028659 a prime number?
True
Is 7364189 composite?
True
Is 7508843 prime?
True
Is 2399461 a prime number?
True
Is 446623 a composite number?
True
Is 47885938 a prime number?
False
Is 43730101 a composite number?
True
Is 34288667 a composite number?
True
Is 134993759 prime?
False
Is 47125999 prime?
True
Is 258371 a composite number?
True
Is 19056547 composite?
False
Is 4267973 composite?
False
Is 831509 a prime number?
False
Is 4712821 a composite number?
False
Is 68990609 a composite number?
False
Is 47795207 a prime number?
False
Is 2598809 composite?
True
Is 4649017 a prime number?
True
Is 1486687 prime?
True
Is 114031 composite?
False
Is 10860803 prime?
False
Is 11203351 prime?
Fa